1. Give y(-36).
9
Let w(j) = -j**3 + 26*j**2 + 83*j + 121. Give w(29).
5
Let g(o) = 23*o + 46. Calculate g(-11).
-207
Let n(t) = -910*t - 10048. Calculate n(-11).
-38
Let d(x) = 4700*x + 21. What is d(0)?
21
Let c(y) = 52*y - 5289. Give c(104).
119
Let u(q) = -2*q**2 + 29*q - 3. Determine u(10).
87
Let u(k) = 125*k**3 - 7*k**2 - 6*k - 4. What is u(-2)?
-1020
Let r(l) = 2*l**3 - 2. Calculate r(-3).
-56
Let y(f) = 20*f + 12. Determine y(-7).
-128
Let k(z) = -z**2 + 7*z + 28. Calculate k(-13).
-232
Let w(g) = -g**3 - 14*g**2 + 42*g + 86. What is w(-16)?
-74
Let h(t) = -2*t**2 + 72*t - 131. Give h(36).
-131
Let i(w) = -2*w**3 + 28*w**2 + 187. Determine i(14).
187
Let d(k) = k**3 + 3*k**2 - 24*k + 121. Determine d(-8).
-7
Let s(h) = -2*h**2 - 220*h - 4426. Determine s(-84).
-58
Let c(m) = -4*m**3 + 33*m**2 - 9*m + 10. Give c(8).
2
Let h(y) = -y**3 - 34*y**2 + 102*y + 1. Calculate h(3).
-26
Let j(o) = -2*o**2 - o + 260. Determine j(11).
7
Let w(f) = -46*f**2 + 412*f + 11. Give w(9).
-7
Let i(b) = -1835*b + 56884. Give i(31).
-1
Let j(s) = s**2 - 192*s + 7029. Give j(49).
22
Let c(s) = -2*s**3 + 3*s**2 - 98*s + 195. Determine c(2).
-5
Let i(f) = -248*f - 6265. Calculate i(-25).
-65
Let b(f) = 3*f**3 - 5*f**2 - 7*f - 19. Determine b(7).
716
Let r(j) = -272*j + 1619. What is r(6)?
-13
Let u(c) = c**3 + 28*c**2 + 117*c - 42. What is u(-22)?
288
Let a(z) = 15*z**2 + 17*z - 24. Calculate a(-2).
2
Let y(g) = 22*g**3 - 42*g**2 + 37*g + 4. What is y(1)?
21
Let m(x) = -x**2 + 78*x - 506. What is m(70)?
54
Let q(l) = -324*l - 2912. Calculate q(-9).
4
Let q(n) = -n**3 - 22*n**2 - 17*n - 377. Give q(-22).
-3
Let d(n) = 2*n**3 - 307*n**2 - 175*n + 3235. Calculate d(154).
1
Let l(z) = 3*z - 143. Determine l(9).
-116
Let y(v) = 15*v**2 - 371*v + 2097. Determine y(16).
1
Let o(s) = -s**2 - 6*s + 1334. Calculate o(-39).
47
Let y(b) = 541*b - 19473. Calculate y(36).
3
Let i(y) = y**2 - 336*y - 3486. What is i(-10)?
-26
Let w(c) = c**3 - 98*c**2 - 193*c - 701. Calculate w(100).
-1
Let v(s) = -s**3 - 13*s**2 + 8*s + 19. Give v(-13).
-85
Let s(n) = 5062*n - 5071. Calculate s(1).
-9
Let j(s) = s**2 - 42*s + 332. What is j(12)?
-28
Let k(s) = 132*s + 25945. Determine k(-197).
-59
Let t(g) = -1365*g + 10963. Calculate t(8).
43
Let f(q) = -q**2 - 71*q + 312. What is f(-75)?
12
Let b(x) = x**3 + 34*x**2 - 241*x. Determine b(6).
-6
Let q(n) = -2*n**3 + 200*n**2 + 25*n - 2519. What is q(100)?
-19
Let l(m) = -m**2 - 2*m - 22. Determine l(0).
-22
Let t(h) = 4*h**3 + 11*h**2 + 76*h + 311. Calculate t(-4).
-73
Let g(z) = 7*z - 147. Calculate g(-25).
-322
Let w(j) = j**3 - 30*j**2 + 21*j + 121. Determine w(29).
-111
Let l(p) = 8*p**3 - 2270*p**2 - 562*p - 1702. Determine l(284).
2
Let q(i) = -7*i**2 + 860*i + 132. Determine q(123).
9
Let k(a) = -2*a**2 + 190*a - 949. Give k(5).
-49
Let n(x) = 2*x**2 - 9*x - 26. Calculate n(-6).
100
Let x(b) = b**3 - 12*b**2 + 12*b - 77. Give x(12).
67
Let c(w) = 6*w**2 - 168*w - 13. Calculate c(28).
-13
Let l(k) = k**3 - 9*k**2 - 73*k + 12. What is l(14)?
-30
Let y(m) = -156*m**2 - 10298*m - 134. Determine y(-66).
-2
Let a(k) = -90*k + 1049. Calculate a(12).
-31
Let v(f) = -18*f**2 + 1462*f - 1748. Determine v(80).
12
Let i(p) = 2*p + 1. What is i(30)?
61
Let k(h) = -2*h**2 + 18*h - 39. Give k(6).
-3
Let r(n) = -n**3 + 91*n**2 - 90*n + 7. What is r(90)?
7
Let t(u) = -u**2 + 19*u + 39. Determine t(14).
109
Let o(v) = -35*v + 464. Give o(13).
9
Let d(i) = -679*i + 2709. Determine d(4).
-7
Let f(d) = 96*d**2 - 290*d + 13. What is f(3)?
7
Let d(o) = 1186*o - 118609. Determine d(100).
-9
Let j(p) = p**2 + 39*p - 35. Calculate j(-38).
-73
Let w(a) = -a**3 + 3*a**2 - 17*a - 3. Determine w(0).
-3
Let u(q) = 48*q**2 + 16*q - 65. Give u(5).
1215
Let x(f) = f**3 + 34*f**2 + 118*f - 17. What is x(-30)?
43
Let h(l) = 329*l - 667. Determine h(2).
-9
Let o(i) = -i**2 + 138*i - 1270. Give o(128).
10
Let f(s) = 5*s**3 - s**2 + 4. Calculate f(0).
4
Let d(c) = -c**2 + 75*c + 438. What is d(85)?
-412
Let x(w) = 218*w + 11537. Calculate x(-53).
-17
Let p(r) = r**3 + 30*r**2 - 118*r - 628. Calculate p(-33).
-1
Let f(b) = -b**3 - 9*b**2 + 17*b - 73. Calculate f(-11).
-18
Let w(h) = 35*h + 272. Determine w(-9).
-43
Let y(f) = -16*f - 149. What is y(12)?
-341
Let t(m) = -m**3 + 3*m**2 + 22*m + 16. Calculate t(6).
40
Let h(b) = -626*b - 2492. Calculate h(-4).
12
Let q(t) = -115*t - 301. Determine q(-3).
44
Let t(s) = -14*s + 528. Calculate t(33).
66
Let d(j) = j**2 - 71*j + 405. Give d(65).
15
Let w(j) = -j + 62. Determine w(18).
44
Let i(p) = 3*p**2 + 60*p - 203. Determine i(-23).
4
Let u(q) = q**3 - 55*q**2 + 48*q + 367. What is u(54)?
43
Let y(u) = u**3 + 7*u**2 - 99*u - 586. Calculate y(-6).
44
Let f(t) = 129*t - 88. Determine f(0).
-88
Let h(r) = -39*r + 470. Determine h(12).
2
Let m(p) = -412*p - 798. Give m(-2).
26
Let d(l) = 10*l**3 - 31*l**2 + 11*l - 16. What is d(3)?
8
Let x(r) = 73*r - 302. What is x(4)?
-10
Let j(m) = 13*m + 415. What is j(-34)?
-27
Let v(i) = i**2 + 18*i + 29. Determine v(-14).
-27
Let b(c) = -28*c**2 + 389*c + 38. Calculate b(14).
-4
Let s(k) = k**3 - 21*k**2 - 12*k + 84. What is s(21)?
-168
Let w(h) = h + 8. What is w(-24)?
-16
Let w(z) = 1561*z - 42146. Determine w(27).
1
Let i(c) = -39*c + 2724. Calculate i(68).
72
Let q(s) = 134*s + 10862. Give q(-81).
8
Let c(d) = 32*d**2 + 8*d - 11. Determine c(2).
133
Let r(d) = -2*d**2 + 184*d + 6. What is r(0)?
6
Let i(v) = v**2 + 56*v + 13. Calculate i(-57).
70
Let a(q) = 226*q + 75. Calculate a(0).
75
Let f(u) = 14*u - 326. Give f(18).
-74
Let s(q) = -34*q - 42. Give s(-3).
60
Let i(n) = -n**3 - 13*n**2 + 17*n + 30. Give i(-14).
-12
Let c(g) = g**2 + 66*g - 219. Calculate c(3).
-12
Let m(z) = 34*z - 148. Determine m(7).
90
Let f(c) = c**3 + 11*c**2 + 40*c + 213. Give f(-10).
-87
Let m(o) = o**3 + 12*o**2 + 7*o + 87. Determine m(-12).
3
Let k(b) = 3*b - 215. What is k(-14)?
-257
Let i(z) = -z**3 + 102*z**2 - 97*z - 426. Calculate i(101).
-22
Let m(z) = 982*z + 26507. Calculate m(-27).
-7
Let j(v) = -2*v**2 + 121*v - 493. Give j(56).
11
Let t(i) = i**3 + 13*i**2 + 17*i - 54. Determine t(-12).
-114
Let d(h) = 209*h - 24448. What is d(117)?
5
Let l(y) = -y**3 + 12*y**2 - 10*y + 33. Give l(11).
44
Let y(q) = 13*q**2 + 102*q - 670. Determine y(7).
681
Let a(y) = y**2 - 10*y - 166. Determine a(-9).
5
Let g(u) = -u**3 + 14*u**2 - 12*u + 18. Determine g(13).
31
Let o(h) = -h**2 - 33*h - 90. Determine o(-23).
140
Let z(m) = 16*m**2 - 176*m - 8. Calculate z(12).
184
Let v(b) = 152*b + 1406. Give v(-9).
38
Let l(u) = -19*u**2 + 234*u - 62. Determine l(12).
10
Let d(w) = w**2 - 37*w + 250. Give d(17).
-90
Let b(h) = 33*h - 3104. What is b(94)?
-2
Let b(g) = -g**2 + 51*g - 135. Calculate b(48).
9
Let v(b) = 12*b + 113. Give v(0).
113
Let q(h) = 319*h - 22635. Calculate q(71).
14
Let i(c) = -392*c - 1587. Calculate i(-4).
-19
Let v(a) = -345*a + 2071. What is v(6)?
1
Let w(c) = -c**3 - 64*c**2 - 64*c - 62. What is w(-63)?
1
Let z(p) = -p**3 + 7*p**2 + 25*p - 170. Determine z(7).
5
Let i(r) = 509*r + 71. Determine i(0).
71
Let q(d) = d**3 + 62*d**2 + 67*d - 180. Calculate q(-61).
-546
Let g(v) = 143*v + 1060. What is g(-7)?
59
Let i(g) = 14*g - 549. What is i(40)?
11
Let j(v) = 2*v**2 + 118*v - 398. Determine j(-61).
-154
Let s(t) = 2*t**3 - 12*t**2 - 13*t - 5. Give s(8).
147
Let q(o) = o**2 + 811*o + 15815. What is q(-20)?
-5
Let f(q) = -91*q**2 - 2274*q + 19. Determine f(-25).
-6
Let h(z) = -38*z**2 + 460*z + 463. Calculate h(-1).
-35
Let b(n) = -3*n**2 + 67*n - 334. What is b(15)?
-4
Let l(d) = 5731*d + 28619. Determine l(-5).
-36
Let g(l) = l**3 + 3*l + 25. Calculate g(-6).
-209
Let x(n) = 58*n**2 - 4*n - 60. Calculate x(0).
-60
Let g(z) = 37*z + 4. Give g(2).
78
Let s(z) = z**2 + 119*z - 1069. Determine s(8).
-53
Let v(j) = -j**3 - 7*j**2 + 30*j + 125. Give v(-8).
-51
Let v(m) = -55*m + 111. Determine v(1).
56
Let g(r) = 2*r**2 + 6*r + 14. Determine g(-11).
190
Let h(r) = 3*r**2 - 169*r + 9. What is h(56)?
-47
Let x(u) = -103*u - 22252. What is x(-216)?
-4
Let k(f) = f**3 - 84*f**2 + 666*f + 735. What is k(75)?
60
Let j(g) = -22*g**2 + 1097*g - 42. What is j(50)?
-192
Let g(v) = v**3 - 55*v + 116. Give g(6).
2
Let p(u) = -2*u**3 + 35*u**2 + 9*u + 38. Calculate p(18).
-124
Let l(c) = -50*c**2 - 21*c + 14. W